2 - 289. Let j(x) be the third derivative of 10*x**2 + 0 - 1/60*x**5 + 1/6*x**4 + 0*x**3 + 0*x. Calculate j(p).
3
Suppose -4 = -4*m + 4*f, -4*f = -3*m - 8*f + 31. Suppose -5*v = -16*v + 77. Let l be -7 - (v - m - 5). Let a(n) = n**3 + 4*n**2 + 2*n + 6. Calculate a(l).
-2
Let c(i) = 21*i**3 + 3*i - 3. Let f be c(1). Let b be (f/3)/(1 - 3)*2. Let o(q) = 5*q - 6. Let s(p) = -14*p + 19. Let m(a) = 17*o(a) + 6*s(a). What is m(b)?
5
Let l(a) = -a**2 - 22*a - 54. Let z be l(-3). Suppose -7 = -n - 5*d, -z*n - 19 = 2*n - 2*d. Let c(v) = 13*v - 2. Determine c(n).
-41
Let k(b) be the first derivative of 3*b**3 + b**2 - 2*b - 4. Let u(j) = j**2 + 59*j - 850. Let p be u(12). What is k(p)?
38
Let t = -6158 + 6156. Let c(s) = 4*s**3 - 4*s**2 - 2*s + 2. Give c(t).
-42
Let w(r) = 5*r - 615. Let g(j) = j - 101. Let t(d) = 30*g(d) - 5*w(d). Give t(0).
45
Let p(v) = v**3 + 13*v**2 + 10*v - 57. Let l be p(-13). Let u = l - -182. Let t(i) = i**3 + 3*i**2 - 2*i + 2. Calculate t(u).
-38
Suppose -2*a = 3*h - 6, -3*h + 4*a + 9 = -15. Let d(w) = -101*w + 109*w - h + 6 - w**2. Give d(8).
2
Let w(p) be the third derivative of p**7/840 + p**6/360 - p**5/120 - 49*p**3/3 + 3*p**2 + 2*p. Let n(o) be the first derivative of w(o). Determine n(0).
0
Let n(t) = -13*t + 17121 - 8562 - 8559. Determine n(2).
-26
Let u(d) = -d**3 - 13*d**2 + 11*d - 6. Let o be u(-14). Suppose 5*j = -j + o. Let z(a) = -9*a - 20*a - 5 + 30*a. Give z(j).
1
Let m(c) = 13*c - 35. Let z be m(3). Suppose 2*n - 4*n - z = 0. Let w(j) = 6*j + 5. Give w(n).
-7
Suppose -4*q + 7*q - 3*z = -18, -q - 3*z = -6. Let y(p) be the second derivative of p**4/12 + 4*p**3/3 + 2*p**2 + 19*p. What is y(q)?
-11
Let l(k) = k**2 + 8*k + 6. Let h be (-42)/(-2*5/5). Suppose h*w = 19*w - 16. Calculate l(w).
6
Let n(q) = -6*q + 2. Let a(y) = 2*y - 1. Let x = -16 + 24. Suppose -5*p - 4*m + m = 1, 2*p + 4*m = x. Let j(f) = p*n(f) - 7*a(f). Determine j(-5).
13
Let g(q) be the second derivative of 8*q**3/3 - 34*q**2 - 309*q. Determine g(4).
-4
Let k(z) be the third derivative of 0 + 0*z**3 + 25*z - 7/24*z**4 + 4*z**2. Determine k(-1).
7
Suppose o - g - 19 = -3*g, g - 26 = -2*o. Let v(u) = u**2 - 13*u - 1086. Let q(i) = i**2 - 14*i - 1351. Let m(n) = 4*q(n) - 5*v(n). Determine m(o).
4
Let a(c) = -c**2 - 4 + c - 8*c + 3 + 10 + 8*c. Calculate a(4).
-3
Let w = -12310 + 12329. Let j(t) = t**3 - 20*t**2 + 19*t + 27. Calculate j(w).
27
Let o(m) = -3*m + 14. Suppose -85*i + 161*i = 82*i + 60. Determine o(i).
44
Let n = -66 - -70. Let o(q) = -345*q**2 + n*q + 3 + 346*q**2 + 0. What is o(-4)?
3
Let f = 612 + -298. Let u(w) = -f*w**2 - 307*w**2 + 620*w**2. Calculate u(-1).
-1
Let x(n) = -5*n**3 + 24*n**2 - 15*n + 55. Let o(g) = -27*g**3 + 123*g**2 - 73*g + 276. Let r(y) = 2*o(y) - 11*x(y). Give r(17).
-19
Let d(v) be the first derivative of -v**4/4 + 8*v**3/3 - 6*v**2 - 5*v - 1061. What is d(6)?
-5
Let w be ((-13)/130 - 0)/(((-24)/(-5))/(-4)). Let r(s) be the second derivative of w*s**4 + 8*s + 3/2*s**3 + 0 - 1/2*s**2. What is r(-9)?
-1
Let l(h) be the first derivative of -h**4/4 + 3*h**3 - 9*h**2/2 + 13*h + 769. Calculate l(8).
5
Let j(u) = -8*u - 6. Let n(y) = -9*y - 4. Let g(q) = -10*q - 2. Let x(k) = 2*g(k) - 3*n(k). Let m(v) = -5*j(v) - 6*x(v). Give m(-12).
6
Let m(r) = 12*r**2 + 18*r - 213. Let f(u) = 6*u**2 + 9*u - 90. Let w(s) = 7*f(s) - 3*m(s). Give w(-2).
15
Let j(s) be the first derivative of s**3/3 + 6*s**2 + 12*s - 4968. Calculate j(-8).
-20
Let c(a) = a**3 + 12*a**2 - 47*a - 39. Let w = -2698 - -2683. Determine c(w).
-9
Suppose 63 = 6*k - 63. Let n be (3*(-7)/k)/(3/(-24)). Let y(g) = g**2 - 10*g. What is y(n)?
-16
Let o(z) be the first derivative of -4*z**3/3 - 5*z**2/2 - 1343. What is o(-2)?
-6
Let y be (-11 - -2) + 0/1. Let u(n) = 19*n - 50. Let b(m) = 13*m - 32. Let v(s) = -3*b(s) + 2*u(s). Give v(y).
5
Suppose 0 = -141*r + 55*r - 258. Let u(w) = w**3 + 2*w**2 - 3*w - 6. Calculate u(r).
-6
Let q = -26877 - -26883. Let m(f) be the third derivative of 0 + 15*f**2 + 0*f**4 + 0*f**5 + 0*f**3 + 1/40*f**q + 0*f. Determine m(1).
3
Let i(k) = 15*k**3 + 21*k**2 - k + 25. Let o(q) = -3 - 1 + 16 - q + 7*q**3 + 10*q**2 + 0. Let r(g) = -6*i(g) + 13*o(g). Suppose 3*h = 2*h - 6. Calculate r(h).
-24
Let r = 295 + -292. Let d(g) = -g**2 + 0*g**2 - 2 - 231*g**3 + r + 236*g**3 + 3*g. Calculate d(-2).
-49
Let l(b) = 8*b - 2. Suppose 8*o - 5*o - 18 = 0. Suppose -o = -3*i, 5*j + i = 6*j. What is l(j)?
14
Let n(o) = -o**3 - 8*o**2 + 2*o - 12. Suppose 23 = 16*j + 71. Let v(p) = 2*p**3 + 8*p**2 - p + 13. Let x(d) = j*n(d) - 2*v(d). Give x(7).
31
Let c = 56 - 61. Let z be (-160)/30*(-6)/4. Let w(l) = -1 + 3 - l - z + 5. Determine w(c).
4
Let b be 33/15*-5 - -13. Let y(w) = w**3 - 2*w**2 - 3*w + 2. What is y(b)?
-4
Suppose 72*a = 595 + 485. Let z(j) = -j**2 + 14*j + 20. Calculate z(a).
5
Let x(t) be the second derivative of -t**5/20 - t**4/3 + t**3 - 2*t**2 + 3*t. Suppose 413*d + 360 = -2118. What is x(d)?
32
Let r(s) be the third derivative of s**5/30 + 3*s**4/8 - 5*s**3/6 + 265*s**2. Give r(-7).
30
Let z(r) = -8*r + 71. Let h be (-21)/(-55) + 4/(-22) - 833/(-85). Calculate z(h).
-9
Let l(g) = -5*g - 84. Let z(x) = 4*x + 61. Let t(h) = -6*l(h) - 9*z(h). What is t(-5)?
-15
Let w(g) = -29 - 12*g + 23*g - 12*g + 9 - 14*g - g**2. Determine w(-14).
-6
Let p(i) be the first derivative of -3*i**2/2 + 87*i + 9067. Give p(18).
33
Let s(l) = -2*l**3 - 5*l - 6. Let u(x) = x**3 + x**2 + 3*x - 2. Let h(i) = -s(i) - u(i). Calculate h(0).
8
Let c(i) = 36*i - 4990. Let v be c(139). Let j(p) = p**3 - 14*p**2 - 25. Calculate j(v).
-25
Let v(t) = -10*t + 10. Suppose 4*f = 2*s + 22, -5*s - 24 = -3*f - 11. Determine v(s).
0
Let i(y) be the third derivative of 2/5*y**5 - 23/24*y**4 - 299*y**2 - 1/120*y**6 + 0 + 0*y + 1/6*y**3. Calculate i(23).
1
Let u(m) be the first derivative of m**2 + 5*m + 998. Determine u(3).
11
Let s(q) = -77 + 105 - 9*q + 62. What is s(11)?
-9
Let b = -2 + 12. Suppose a = -b + 3. Let q(f) be the third derivative of f**6/120 + f**5/10 - 7*f**4/24 + 2*f**3/3 - 13*f**2 - 6*f. What is q(a)?
4
Let z(j) = -3*j**3 - 4*j**2 + 3*j - 2. Let p(g) = -86*g + 426. Let v be p(5). Give z(v).
114
Let l(x) be the second derivative of x**3/2 + x**2/2 - 4*x. Suppose 7*d = 3*d - 20. Let a(y) = y. Let w(c) = d*a(c) + 2*l(c). Calculate w(-5).
-3
Let m(u) = u**3 - 6*u**2 + 6*u + 3. Let p be (-54)/(-153)*(14 - -3). Determine m(p).
39
Let z be ((-45)/12 - -2)*-4. Let d(o) be the second derivative of 1/20*o**5 - 5/2*o**2 - 6 - 7/12*o**4 + 2*o + 0*o**3. Calculate d(z).
-5
Let x(z) = -13*z**2 - 5*z - 16. Let b(h) = 12*h**2 + 2*h + 14. Let q(f) = 4*b(f) + 3*x(f). Determine q(1).
10
Let n = 18549 + -18548. Let c(z) = z**2 + 51*z - 51. Calculate c(n).
1
Let o(a) be the first derivative of 2*a**2 - 11*a + 1. Let g be (-70)/(-5) + (-18)/2. Calculate o(g).
9
Suppose 0 = 4*n + 57*s - 55*s + 14, 0 = 3*n + 3*s. Let o(c) = 3*c - 1. Let y be o(3). Let b(t) = t**2 - y*t + 2 - 3*t**2 + t**2 - 7. Calculate b(n).
2
Let v(m) = 8*m**2 - m**3 + m + 0*m**3 + m - 12. Let y be 4914/77 + 4/22. Let z = y + -56. Determine v(z).
4
Let s(l) = 2*l - 10*l**2 - 2*l + 9*l**2 - 9 + 8*l. Let v(m) = -10*m + 258. Let u be v(25). Give s(u).
-9
Let j(x) = x**2 + 216*x + 2058. Let i be j(-10). Let s(r) = -r**2 - 5*r - 5. Determine s(i).
1
Suppose 0 = -3*t + 3*k - 12 + 15, -t + 3*k = 1. Let f(a) = -6 - 174*a + 8 + 175*a + 2*a**t. Calculate f(-2).
8
Let f(c) = 116 - 122 + 7814*c + 12*c**2 - 7819*c. Determine f(-1).
11
Let r(j) = -2*j**3 + 13*j**2 - 4*j - 10. Let f be r(6). Let a(t) = 5 - 5*t**f + 0*t**3 - 8*t - 13*t + 26*t - t**3. Give a(-6).
11
Let k(s) = s**2 + 9*s - 25. Let x be (-13 + 20)*6/14. Let z be -17 + 6 + x - 3. Give k(z).
-3
Let p(w) = -76*w + 2 - 13*w**2 - 64*w + 132*w - 4*w**2 + 0*w**2. Calculate p(-1).
-7
Let q(j) be the third derivative of -j**4/6 - j**3/3 - 15*j**2. Let s(r) = -5*r - 3. Let i(f) = 4*q(f) - 3*s(f). Let a = 15 + -16. What is i(a)?
2
Let x(g) = g**3 + 3*g**2 - 11*g - 14. Suppose 3*t = 5*c + 37, t + 29 - 23 = -2*c. Let n be x(c). Let h(i) = -i + 2. Calculate h(n).
11
Let u(i) = 2*i**2 + 2*i - 1. Let h be 27 + (-2)/(-7) + 48/(-21). Suppose -3 = 2*m - 7, -2*m + h = 3*k. Suppose 0 = k*o + 11 + 3. Calculate u(o).
3
Let z(i) = -3*i**2 + 12*i. Let r(s) = -s**3 - s**2 - 120*s - 375. Let g be 